 125)
-28
What is -18 + (30 + 2 - 2)?
12
What is 28 + (-14 - (36 - -7))?
-29
Calculate (6 - -4) + 2 + -31 + 7.
-12
Calculate -4 + 1 + (43 - 16).
24
What is 21 + -46 - (3 - -1 - 13)?
-16
What is 9 + (0 - -3) + 67 + -73?
6
What is 13 + (-16 - 21) - (0 + (1 - -1))?
-26
Calculate (-10 - (0 + 2)) + -5 + -11.
-28
What is the value of -3 - (-1 - (-11 - -6 - 0)) - -20?
13
Calculate 37 + -67 + 39 + (1 - -12).
22
What is -18 - -13 - (24 - 49)?
20
What is 11 + (18 - 11) + -30?
-12
Evaluate (-8 - 2) + 341 + -333.
-2
What is -5 + (11 - -4) + -3?
7
What is (12 - 3) + (23 - (-12 - -33)) + -4?
7
Calculate 6 + -6 - ((-4 - 0) + -1).
5
Calculate 539 + -542 + (32 - 0).
29
What is the value of 16 + (-3 + 4 - 7) + 4 + 0?
14
Evaluate 5 + -2 + 2 - (-25 - -31 - 12).
11
What is -10 + 13 + 2 + 14 - 12?
7
Calculate 5 + (-30 - (-9 - 8)).
-8
-13 - (38 - 86) - 22
13
(2 - 3) + -5 + (7 - -1 - 7)
-5
Evaluate 2 + (14 - (27 - -11)).
-22
What is the value of 0 + 14 - (8 - (-2 - (3 + -8)))?
9
3 + (8 - -20 - 32)
-1
4 - ((3 - (6 + -6)) + -4 - 2)
7
What is 2 - 19 - (-184 + 191)?
-24
Evaluate -9 - 3 - 1 - -11.
-2
Evaluate 7 + (-9 - 2) + -5.
-9
What is the value of -11 + 11 + 4 - ((1 - 5) + -3)?
11
Evaluate 31 + -30 + -27 + -6.
-32
What is 5 + 74 + -62 + (-5 - (-3 - -2))?
13
What is the value of -21 + -24 + -22 + 44?
-23
What is (26 - -3) + -5 + (1 - (8 + -7))?
24
Evaluate (-22 - -13) + -2 + 4.
-7
Evaluate 8 + 1 + (13 - 20 - (0 - -13)).
-11
What is the value of 9 - (-17 + 12 + -5) - -2?
21
What is (5 - (-5 + 7)) + 5 + (4 - 1)?
11
Evaluate -5 + (-6 - (-23 - -12)).
0
Evaluate 2 + 1 - (-27 + -2 + 49).
-17
Evaluate -1 + -45 + (1137 - 1114).
-23
What is the value of -2 - (2 - 2) - ((23 - 49) + 20)?
4
-64 + 25 - -8 - -12
-19
What is 27 - (51 + 3) - -8?
-19
25 + -3 - 15 - (0 + 18)
-11
-32 + 24 + -3 + 12
1
What is the value of 35 - 37 - ((1 - 6) + 18)?
-15
What is the value of 15 - (7 + 18 + -8)?
-2
What is the value of -56 + -38 + 79 + (17 - 4)?
-2
Evaluate -26 + (-27 - -31) + 3 + 4 + -3.
-18
Evaluate -23 - -25 - (-2 - (-3 - -2) - -6).
-3
Calculate 13 - (45 - -11) - -23.
-20
Evaluate -2 - 16 - -13 - (-4 + 4).
-5
What is -3237 + 3261 + (-13 - (0 - 2))?
13
(10 - 13) + -5 + -3 + (10 - 14)
-15
Calculate -41 + 1 + -1 - -15.
-26
(1 - 0 - -4) + 13 + (42 - 47)
13
Calculate 18 - ((35 - 8) + -18).
9
(0 - 5) + (19 - (5 + (18 - 17)))
8
Evaluate -9 + 20 + -1 + 4.
14
Calculate 0 + -2 - ((16 - 16) + -21 + 20).
-1
Evaluate 6 + (-9 - ((-1 - 4) + (-2 - -8))).
-4
Calculate (5 - -1) + (-3 - (4 + (0 - 3))).
2
(-1 - 2) + -3 + (-4 - -11) + -3
-2
What is the value of -23 - (-18 + -16 + -23)?
34
Calculate 179 - 163 - (27 + 0).
-11
2 - 6 - (5 - (73 + -37))
27
Evaluate -6 - (5 - (-1 - (8 - 12))).
-8
What is the value of 63 + 59 + -77 + 1 + -16?
30
What is the value of 5 + 9 - (8 - 2)?
8
Calculate -42 - -54 - 6 - -34.
40
What is the value of -18 - (3 + 26 + -51) - (0 - -6)?
-2
Calculate 0 + -22 + 13 - (-7 - -1).
-3
What is (8 - 10) + -9 - -23?
12
What is (13 - 22) + (-6 - -20)?
5
What is 18 + (47 - 29) - (13 - -1)?
22
Calculate (-11 - 0) + (-39 - -15) + 17.
-18
4 + -1 - (406 - 388)
-15
What is 25 - (12 - 5) - 31?
-13
7 + 25 + (-15 - -1) + -1
17
332 + -340 - (-2 - 0 - -2) - 9
-17
Evaluate -25 + 55 - 46 - (-17 + 1).
0
Evaluate 26 - 11 - (-52 + 48).
19
What is the value of -19 + 11 + -5 + 18?
5
-3 + (1 - (-18 + 4 - -8 - 10))
14
What is the value of 12 - (-3 - ((-5 - -15) + -6))?
19
Calculate -2 + 30 + -22 + (0 - 1) + -5.
0
Evaluate (-4 - -1 - (0 + (-26 - -18))) + -1.
4
What is the value of 1 - (6 + 3 - (3 - -1 - 1))?
-5
Evaluate (-3 - (-3 + 0)) + -2 + (3 - 0).
1
What is 1 - (-6 - (-12 + -5 - -13))?
3
-6 + (-46 - -38) + 1 + 26
13
Evaluate 186 + -182 + (11 - 2).
13
What is (1 - 3) + (-11 - -30 - 19)?
-2
What is (1 - -11) + (8 - (43 - 29))?
6
Evaluate (-37 - (71 + -97)) + (2 + -1 - -5).
-5
(7 - (22 + -19)) + -1 + -1 + -2
0
What is the value of 0 + (-11 - -27 - 37) + 9?
-12
What is -11 + 15 + 14 + -11 + 13?
20
-28 + 12 + (-23 - -15 - -4)
-20
What is the value of -1 + (3 - -1) - (11 + -46 - -49)?
-11
What is (-12 - (-11 - -3)) + -6 + 7?
-3
Calculate (2 - -29) + -13 - 10.
8
What is the value of (2 - -4) + -1 + -8 + 3?
0
What is the value of 1 + (0 - (0 + -4)) - (137 - 142)?
10
Calculate (14 - (3 - -18) - -32) + -5 + 2.
22
What is the value of -9 - (-19 - -10) - 18?
-18
Evaluate -8 - (-6 + 11 + -20).
7
(-1 - -1) + -5 + (-2 - -25)
18
Calculate -6 + -12 + (-8 - 9) + 12.
-23
Calculate -3 + 1 + (13 - 14).
-3
18 + 1 + -1 + 3 + -6 + -2
13
What is (16 - (-7 - (-4 - -3))) + -7?
15
Calculate 33 + -29 + 3 + (0 - 11).
-4
Calculate -11 + -1 + 128 + -115.
1
What is the value of -42 - (41 - 117) - 27?
7
Evaluate (-2 - -3 - -9) + (129 - 163).
-24
What is the value of (-303 - -325) + (-11 - 1)?
10
-6 - (-5 + -9 + 10 + -3 + -1)
2
Evaluate (1 - 5) + -27 + 37 - (10 + -1).
-3
What is (-1 - 14) + (108 - 101 - (5 - 0))?
-13
Evaluate (556 - 551) + -1 + (2 - 1).
5
What is the value of -3 - (5 - 4) - (-42 + 36)?
2
What is -2 + 5 + -1 + 1 + -7?
-4
What is (-1 - 10) + -12 + (-33 + 13 - -26)?
-17
Calculate -31 + -2 + (-14 - -30).
-17
What is the value of 8 + 1 + (78 - (23 - -66))?
-2
Calculate -10 + -9 + (-1 - 11) + 9.
-22
Calculate (19 - -20 - 80) + 59.
18
What is the value of -5 + (1 + 5 - 13)?
-12
Evaluate 36 - (-94 + 131 - (19 - 1)).
17
Evaluate -40 + 56 + -24 - (8 + -3 + 2).
-15
Evaluate -3 + -14 + 32 + 9.
24
What is the value of 17 - 20 - (-16 + 2)?
11
Calculate -13 - ((-25 - -51) + -21).
-18
4 + 6 + -16 + 21
15
What is the value of (-1 - -18) + (-490 - -486)?
13
What is the value of 137 + -125 + -26 + 0?
-14
Calculate -9 - -4 - -2 - (-17 + (15 - 9)).
8
Evaluate -230 - -237 - (0 + -2 + 2).
7
-12 + (62 - 37) - (0 - -3)
10
Evaluate 2 - 3 - (7 + (-12 + 6 - -6)).
-8
What is -75 + 3 + 27 + 62?
17
-17 + (0 - 8 - -15)
-10
Calculate -58 + 67 - (2 - 2 - 0).
9
What is (31 + -52 - -26) + (-1 - -1) + -17?
-12
Calculate -19 + 2 - (-20 - -13 - -2) - 0.
-12
What is the value of -16 + -10 - (0 + -2 + -9)?
-15
What is 2 - 0 - (-1 - -2) - (-1020 + 1016)?
5
What is -14 - (-1 + -36 - -11)?
12
33 - 41 - (0 - 13)
5
What is the value of 28 - (-22 - (-32 - 32))?
-14
Calculate 13 - (-5 - ((-4 - -6) + (-6 - 0))).
14
What is the value of -7 + 1 - (-40 + 20)?
14
What is the value of -2 - (-4 - (-3 - 1) - -6 - 2)?
-6
Calculate 496 - 492 - (-3 + 26).
-19
Evaluate 0 + 1 + 0 + -11 + 119 + -110.
-1
What is the value of -1 + -1 + 4 + (36 - (-1 - -31))?
8
What is 23 + -2 + -11 + -9?
1
Evaluate -31 + 25 + 13 + 0 + (1 - 7).
1
-1 - (-1 + 13 - 23)
10
What is the value of 22 + -1 - (9 + (-4 - -4))?
12
What is (0 - -1) + 0 - 13 - -2?
-10
What is the value of -7 + -7 + 6 - (-5 - 1)?
-2
Calculate 0 + -2 - (5 - (24 - 11)).
6
Evaluate (7 - 11 - 5) + 1.
-8
What is the value of -51 + 27 - (-45 - 1)?
22
Calculate (12 - 9) + 4 + 8 - 9.
6
Calculate (2 + -10 - -2 - (1 + -1)) + -6.
-12
2 - (4 + 0 + -11 + -1 + 3)
7
24 - (0 + (8 - -17))
-1
What is 27 + -8 + -20 + (-6 - 0) - 2?
-9
2 + (6 - (9 - 1) - (2 - 8))
6
8 + (-10 - (-10 + -1))
9
(28 + -22 - -1) + -13 + 0
-6
Calculate 1 + 9 - (33 + 63 + -104).
18
-5 + 6 + 10 + (-38 - 16) + 9
-34
-10 + -14 + 19 - -13
8
What is -20 - (-11 - (1 + 5))?
-3
What is the value of -1 - (-4 + (-4 - 0) - (-10 - -5))?
2
Evaluate 0 - -2 - (-63 + 69).
-4
What is the value of 8 + (0 - -10 - (9 - -8))?
1
(-12 - (-34 + 19)) + 9
12
-11 + 9 + 3 + -1 + 5 + -20
-15
What is 25 + (-3 + -58 - -31)?
-5
Evaluate 1 + (4 + 22 - 15).
12
What is -1 + (10 - -1) + -29 - 1?
-20
What is the value of 12 + (3 - 7) + -11?
-3
(3 - 31 - -61) + -31
2
What is -17 + 25 + (-2 - 11) - (-2 - -6)?
-9
-1 + (-11 - (-15 + 8)) + 6 + -3
-2
What is the value of (22 + -22 - 12) + 47?
35
What is the value of (-650 - -670) + -37 + 0?
-17
Evaluate -10 + (5 - (12 + -8 + -3)) + -18.
-24
(7 - 2) + 3 + (-60 - -27 - -31)
6
What is (-31 + 16 - -8) + 7 - -40?
40
Evaluate 8 - ((-11 - (-23 - 1)) + -13).
8
What is the value of 12 - ((-24 - -19) + (-4 - (-3 + -8)))?
10
Calculate -35 - (-23 + 4 - 42).
26
Evaluate 6 - ((1 - 0) + (0 - 3)).
8
Calculate 4 + 21 - (36 + -24) - (1 + 7).
5
Calculate 113 + -112 - (0 + 4).
-3
0 - (-1 + 7 + 7 + (8 - 21))
0
6 + (2 - (-4 - -1 - -9)) + -5
-3
1 + 20 - (105 + -88)
4
Calculate (42 - 15 - 26) + -29.
-28
What is the value of -215 + 225 - (3 - (0 - 0)) - -5?
12
(-1568 - -1569) + 7 + 0
8
Evaluate -3